 + 2 + (-3 - 2))
-8
Calculate -2 - ((2 - -1) + -10 + 3).
2
Calculate -4 + (18 - (12 - 3)).
5
What is the value of -3 - (-13 - -9) - (1 - -2)?
-2
Calculate 4 - ((0 - -1) + (-1 - 0)).
4
47 + -33 + (-10 - -2)
6
Evaluate -1 + (-1 - (1 + -2 - -1)).
-2
What is (4 - (-1 + 4) - 4) + 1?
-2
Evaluate 5 + -11 + -3 + 6.
-3
Evaluate -2 - (4 - (2 + 1)).
-3
Calculate -1 + 0 + (-4 + 8 - 4).
-1
Calculate 10 + -10 + 0 - 2.
-2
Evaluate 3 + -2 - (0 - (-1 + 6)).
6
What is -1 - (1 + -2 - (-2 + 4))?
2
What is the value of (0 - 0) + -2 - (-411 - -417)?
-8
Calculate -6 + (4 - (-3 - -6)).
-5
Evaluate -3 - ((-16 - -6) + 3).
4
What is 7 + (3 + -5 - 10)?
-5
-3 - (5 - 3) - (-8 + 0)
3
What is the value of 0 + -1 + (-2 - (-3 - -3))?
-3
Calculate -2 - -6 - -2 - 3.
3
Calculate 2 - 1 - (2 - (-3 + 4)).
0
(3 - 11) + (8 - 2)
-2
Calculate 0 - (-8 + 5 + 9).
-6
Calculate 2 + -9 - (0 + -8 + 4).
-3
What is the value of 10 - 1 - (3 - -5)?
1
Evaluate 10 - 17 - (0 - (5 + -4)).
-6
-33 + 22 + 14 + -1
2
Calculate (11 - 6) + -2 + -5.
-2
Calculate 2 - (-2 - (-10 - (-1 + 0))).
-5
Evaluate -1 + 0 - (-109 + 113).
-5
What is -3 - (-4 + -2) - (-13 + 10)?
6
What is (6 - (-6 - -4)) + -1?
7
What is the value of 2 + (0 + 2 - (27 + -23))?
0
11 + -10 + 13 + -20
-6
Evaluate -1 - 2 - (-16 - (14 - 19)).
8
What is the value of 1 - (-6 + (0 - -3))?
4
-15 - -14 - (-3 - 0)
2
Evaluate 4 - (13 + -8) - 1.
-2
What is 9 + -2 - 16 - -6?
-3
Evaluate (6 - -6) + (0 - -3) + -6.
9
-4 + 8 + -4 + 2
2
Calculate 2 + 3 + (0 - 0).
5
What is the value of -7 + 1 - (1 - (-3 + 15))?
5
Calculate -1 + (-17 - (-7 - 2)).
-9
(0 - 4) + (7 - 4) + 3
2
What is the value of 45 + -48 + (0 - 0 - 2)?
-5
What is the value of (-2 + (-1 - 1) - -4) + -5?
-5
What is 6 - (9 + -1) - (-7 + 0)?
5
Calculate -9 - -1 - (0 - 4).
-4
Evaluate -8 + (-1 - -19 - 8).
2
Evaluate -3 + -2 - (-1 - (4 - 2)).
-2
Evaluate -5 - (2 + (-6 - -1) - -1).
-3
Calculate (-4 - -1) + (-2 - -9 - 3).
1
What is 4 - (-5 - -10) - -4?
3
Calculate (-7 + 10 - (-2 + -3)) + 0.
8
Calculate 14 - 12 - (-2 + 6).
-2
-7 + (-8 - -2) + 19
6
What is the value of 5 + (2 + -1 - 0) - 2?
4
(5 - (10 - 8)) + -5
-2
2 - (2 + 16 + -10)
-6
What is (-2 + -8 - -6) + -1?
-5
What is -4 + -6 + -5 + 11 + 0?
-4
What is the value of 5 + 8 + -11 - 0?
2
Evaluate 45 + -49 + (-1 - -7).
2
-11 + (6 - (5 - 10))
0
What is 2 + -1 + (-2 - -2)?
1
Evaluate -3 + (1 - 1) + 0 + 3.
0
Calculate -1 - (-1 + -3 - -7).
-4
Calculate 8 + -2 - 7 - -6.
5
What is 2 + -2 + 2 + -5?
-3
What is 6 + 4 + -7 + (-5 - -4)?
2
What is the value of 2 - -1 - (-3 + (7 - 3))?
2
What is the value of -1 - 0 - (1 + -5 - -6)?
-3
Evaluate -7 - 6 - (-19 - 1).
7
Calculate (-6 - (-4 - 0)) + 0 - -2.
0
Evaluate 6 - 1 - (30 - 31).
6
Evaluate 3 + -1 + -1 - (9 - 1).
-7
What is the value of -2 - 6 - (-54 + 44)?
2
Evaluate 2 + -3 + 3 + -7 + 7.
2
-8 - -6 - (-4 - (-3 + -3))
-4
2 + -3 - (-1 - (1 - 1))
0
Evaluate -1 + -4 + 4 + 0.
-1
(-32 - -28) + 5 + -1
0
-4 + 1 + (-2 - 3 - -3)
-5
Evaluate 0 + 3 + (1 + -1 - 5).
-2
Evaluate -4 + -4 + (8 - 2) + 3.
1
What is the value of -25 + 25 + -4 + -1?
-5
Evaluate 12 + -11 + -6 + (6 - 1).
0
-3 - (-2 + (0 - -8))
-9
What is the value of 2 + 10 + 133 + -139?
6
Evaluate -1 + (-1 - -4) - (-32 + 34).
0
5 + ((6 - 9) + -2 - -4)
4
-2 + 9 + -11 + 5 + 2
3
What is 3 + (4 + -2 + -4 - 1)?
0
What is (5 - 2) + (0 - 0)?
3
0 + (-1 - -5) + 4 + -12
-4
2 + (2 - 1) - (-13 + 8)
8
What is -15 + 3 + 7 - -1 - -12?
8
What is 4 - (-5 + 12) - (-2 + -4)?
3
Calculate 5 - ((15 - 4) + 0).
-6
-14 + (-22 - -12) + 22
-2
What is -1 + (3 - 3) + 3 + -7?
-5
Calculate 4 - (-3 + 8) - -1.
0
What is -9 + 0 + 5 + 0 + 4?
0
(-11 - -13) + (2 - 0)
4
What is 39 + -43 + 1 + (1 - -6)?
4
Calculate 1 + -5 + 5 - 3.
-2
Calculate 1 + (-2 - (-7 + 3)).
3
Evaluate 3 - (3 + 7 - 2).
-5
Calculate (-3 - -6 - 8) + 3 + 6.
4
Calculate (-1 + 4 - 4) + 0.
-1
Calculate 6 + -16 + (7 - 1).
-4
6 - (-1 + -1 + (17 - 12))
3
Evaluate 3 + 1 + 11 - 9.
6
Evaluate -12 - (13 - 25) - (-1 + 5).
-4
What is -1 - (-8 + (-7 - -7))?
7
What is (-75 - -75) + (4 - 1)?
3
What is the value of -3 + (8 - (10 - 3))?
-2
Calculate 1 + (-3 - (-5 + -1)) + 2.
6
What is 0 + -3 + -53 + 66 + 1?
11
Evaluate 2 - ((-7 - -3) + -7 + 5).
8
What is 1 - (-4 + (1 - 0))?
4
Evaluate (-3 - (2 + 0)) + 1 + 4.
0
What is 1 - (-3 - -2 - -6)?
-4
0 + -1 + (-30 - -28)
-3
Calculate (-6 - (2 - 17)) + -8 + 1.
2
What is (-2 - -2) + -6 - (9 - 10)?
-5
2 + -9 - (1 - 5)
-3
What is (-2 - -4 - -3 - -1) + -2?
4
-6 + -13 + 18 + 11
10
Calculate 0 - (3 - ((7 - 14) + 13)).
3
Evaluate (-444 - -442) + (1 + 0 - 5).
-6
Calculate 3 + -3 + -18 + 13.
-5
What is the value of -12 + 5 - (1 - 3)?
-5
What is 6 + (-1 - 0 - 3)?
2
-4 - (0 + -2 + -1 + 0)
-1
What is -4 + 10 + -15 + 17?
8
(5 + -3 - (-7 - -17)) + 17
9
2 + -11 + 5 + (-4 - -3)
-5
Evaluate -1 - -4 - 2 - (0 + 7).
-6
Evaluate 4 + 2 - (12 + -7).
1
Evaluate -11 + 9 + 5 + -12.
-9
(-4 - (1 - 5)) + -1
-1
Calculate 11 + -2 + -2 + -2.
5
What is -6 + -6 + 4 - (-11 - -1)?
2
Evaluate -1 + -1 + (-2 - (-7 + 3)).
0
What is -6 - (-7 + (5 - 0) + -3)?
-1
Calculate 5 - (0 + (8 - 4)).
1
What is 4 - (0 - -2) - (5 + 0)?
-3
(-2 - (-7 - -2)) + 5 + -5
3
Calculate -12 + 0 - (-10 + 23 + -20).
-5
What is the value of (-5 - (5 - 5)) + 1?
-4
2 - (5 - (-3 - -7))
1
(22 - 19) + -1 + -3
-1
5 + 8 + -20 - (3 - 8)
-2
1 + 0 + 0 + 1 + 0
2
What is 5 - ((-1 - 5) + 45 + -38)?
4
What is the value of -2 - ((-3 - (1 - 3)) + -1)?
0
Calculate -7 - (5 + -4) - -4.
-4
Evaluate (6 - 1) + -2 + -5.
-2
What is -8 - (-15 + 9 + 0)?
-2
Calculate 0 + 3 + (-3 - -1).
1
Evaluate 7 - (8 - (-2 + (7 - 9))).
-5
Calculate 5 - (9 - 4) - (5 + -7).
2
What is the value of -27 + 17 + -5 + 8?
-7
Calculate 2 - 10 - (0 + -4).
-4
(-1 - (5 - 3)) + 5
2
(-3 + 0 - (-6 - -3)) + 1
1
(9 - 8) + 1 + 2
4
Calculate (4 + -6 + 3 - 2) + -1.
-2
Evaluate -2 - 0 - (-4 - 3).
5
What is 2 - 0 - 2 - (-2 - 0)?
2
What is -3 - (1 + (-6 - -2))?
0
What is 6 + -16 + 0 + 9 - 5?
-6
-1 - (0 - -1) - 0
-2
What is the value of (3 - 3) + 0 - (6 - 3)?
-3
1 - (0 - -6) - -9
4
(10 - 6) + -8 + 0
-4
15 + -5 + -6 + (-2 - -3)
5
What is the value of -5 + -1 + 12 - 7?
-1
What is the value of -4 - (6 + -10 + -7)?
7
Calculate (4 - 0) + -2 + 2 + -5.
-1
20 - 7 - (8 + -9 + 7)
7
Evaluate (1 - 0) + (26 - 26).
1
Calculate 11 + -2 - (-16 + 28).
-3
Evaluate 3 + -4 + 0 + 0.
-1
(0 - -1) + 0 - (37 + -32)
-4
What is the value of -8 + (8 + (-4 - -4) - 0)?
0
-3 - (-1 + (5 - 9))
2
Calculate -1 - ((-5 - 0) + 9) - -2.
-3
What is 2 - 1 - (3 + 1) - -4?
1
7 - (11 + -1 - 9)
6
What is -7 + 15 + -3 + -7?
-2
Calculate -8 - -20 - (-1 - -12).
1
2 + 1 - (-34 + 20 - -13)
4
What is the value of 8 - (-5 + (3 - -5))?
5
Calculate 3 + (2 - 5 - -3).
3
What is -3 - 3 - (15 + -25)?
4
Evaluate 0 + (1 - -1 - (11 - 13)).
4
What is 2 + 6 + 0 + -3 - 0?
5
Evaluate 0 + (-7 + 1 - (15 + -22)).
1
What is -2 - (-2 - 0) - -4?
4
What is the value of 0 + (-3 - ((4 - 3) + -3))?
-1
Calculate (-2 - (-20 - -16)) + -1 + -1.
0
What is 3 - -2 - (4 - 1) - -4?
6
What is (2 - 5) + 0 - (-2 - 2)?
1
What is (0 - 2) + 4 + 29 + -28?
3
1 + -5 + (0 - -5)
1
1 - (-5 + 6 - 4)
4
What is (-6 - (-1 - -1)) + (80 - 79)?
-5
-8 - 1 - (90 - 101)
2
Evaluate (0 - 3) + 2 - -8.
7
What is (14 - 1) + 45 + -54?
4
Evaluate 1 + 1 + -3 + 0.
-1
Evaluate (0 - 5) + 50 + -50.
-5
Calculate -6 + 0 + -5 - -13.
2
Evaluate 3 + (-19 + 23 - (3 - -1)).
3
1 + -2 + 6 + -3 - -1
3
What is -1 - (7 - 11 - (1 + -6))?
-2
Calculate -8 + 1 - (6 + 1 + -10).
-4
(4 + 1 - 9) + -1
-5
1 + (2 - 3) + (-6 - -2)
-4
Evaluate (-67 - -75) + (0 - 6).
2
Evaluate (5 - 9 - -3) + 3.
2
Calculate 1 + (-8 - (-6 + 2)).
-3
Calculate 1 - -8 - (5 + (15 - 18)).
7
-14 + 4 + 12 + -4
-2
Calculate (-1 - (-4 + 4)) + 9 + -3.
5
Evaluate (-4 - (11 + -15)) + (-2 - 4).
-6
What is (0 - 4) + 4 - -1?
1
What is (-162 - -167) + -9 + (0 - -2)?
-2
What is the value of 0 + -5 - (-35 + 32)?
-2
(-10 - -6 - -10) + -1
5
Evaluate (8 - 7) + -7 + 1 - -6.
1
What is -9 - ((10 - 17) + -4)?
2
What is the value of (16 - 9) + -2 + 1 + -2?
4
(-5 + 2 + 4 - -1) + 3
5
(-4 - 0) + (-2 - 1 - -5)
-2
Evaluate -8 + (-6 - -4 - -7).
-3
Evaluate 11 + -8 + 0 + -5.
-2
2 + 2 + -8 + -2
-6
6 - ((-4 - -1) + -1 - -5)
5
What is 2 - 6 - (16 - 20)?
0
Evaluate (-16 - -11) + (-3 - -7).
-1
0 + -2 + 8 + -2 + -4
0
What is the value of -1 + (-5 - (-2 + 0 + 0))?
-4
What is 8 + (1 + 8 - 20)?
-3
What is -1 + 7 + 1 - 6?
1
What is (6 - 8) + -2 +